{"id":131,"date":"2023-07-29T11:15:59","date_gmt":"2023-07-29T08:15:59","guid":{"rendered":"https:\/\/moduldizayn.com\/?page_id=131"},"modified":"2024-08-04T21:21:50","modified_gmt":"2024-08-04T18:21:50","slug":"commercial-buildings","status":"publish","type":"page","link":"https:\/\/moduldizayn.com\/eng\/commercial-buildings\/","title":{"rendered":"Commercial buildings"},"content":{"rendered":"\n<figure class=\"wp-block-gallery has-nested-images columns-default is-cropped wp-block-gallery-1 is-layout-flex wp-block-gallery-is-layout-flex\">\n<figure class=\"wp-block-image size-large\"><img loading=\"lazy\" decoding=\"async\" width=\"1000\" height=\"663\" data-id=\"530\" src=\"https:\/\/moduldizayn.com\/eng\/wp-content\/uploads\/sites\/2\/2023\/08\/ticari_yapilar-1.jpg\" alt=\"\" class=\"wp-image-530\" srcset=\"https:\/\/moduldizayn.com\/eng\/wp-content\/uploads\/sites\/2\/2023\/08\/ticari_yapilar-1.jpg 1000w, https:\/\/moduldizayn.com\/eng\/wp-content\/uploads\/sites\/2\/2023\/08\/ticari_yapilar-1-300x199.jpg 300w, https:\/\/moduldizayn.com\/eng\/wp-content\/uploads\/sites\/2\/2023\/08\/ticari_yapilar-1-768x509.jpg 768w\" sizes=\"auto, (max-width: 1000px) 100vw, 1000px\" \/><\/figure>\n\n\n\n<figure class=\"wp-block-image size-large\"><img loading=\"lazy\" decoding=\"async\" width=\"1000\" height=\"663\" data-id=\"531\" src=\"https:\/\/moduldizayn.com\/eng\/wp-content\/uploads\/sites\/2\/2023\/08\/ticari_yapilar1.jpg\" alt=\"\" class=\"wp-image-531\" srcset=\"https:\/\/moduldizayn.com\/eng\/wp-content\/uploads\/sites\/2\/2023\/08\/ticari_yapilar1.jpg 1000w, https:\/\/moduldizayn.com\/eng\/wp-content\/uploads\/sites\/2\/2023\/08\/ticari_yapilar1-300x199.jpg 300w, https:\/\/moduldizayn.com\/eng\/wp-content\/uploads\/sites\/2\/2023\/08\/ticari_yapilar1-768x509.jpg 768w\" sizes=\"auto, (max-width: 1000px) 100vw, 1000px\" \/><\/figure>\n\n\n\n<figure class=\"wp-block-image size-large\"><img loading=\"lazy\" decoding=\"async\" width=\"1000\" height=\"663\" data-id=\"532\" src=\"https:\/\/moduldizayn.com\/eng\/wp-content\/uploads\/sites\/2\/2023\/08\/ticari_yapilar2.jpg\" alt=\"\" class=\"wp-image-532\" srcset=\"https:\/\/moduldizayn.com\/eng\/wp-content\/uploads\/sites\/2\/2023\/08\/ticari_yapilar2.jpg 1000w, https:\/\/moduldizayn.com\/eng\/wp-content\/uploads\/sites\/2\/2023\/08\/ticari_yapilar2-300x199.jpg 300w, https:\/\/moduldizayn.com\/eng\/wp-content\/uploads\/sites\/2\/2023\/08\/ticari_yapilar2-768x509.jpg 768w\" sizes=\"auto, (max-width: 1000px) 100vw, 1000px\" \/><\/figure>\n\n\n\n<figure class=\"wp-block-image size-large\"><img loading=\"lazy\" decoding=\"async\" width=\"1000\" height=\"663\" data-id=\"529\" src=\"https:\/\/moduldizayn.com\/eng\/wp-content\/uploads\/sites\/2\/2023\/08\/ticari_yapilar3.jpg\" alt=\"\" class=\"wp-image-529\" srcset=\"https:\/\/moduldizayn.com\/eng\/wp-content\/uploads\/sites\/2\/2023\/08\/ticari_yapilar3.jpg 1000w, https:\/\/moduldizayn.com\/eng\/wp-content\/uploads\/sites\/2\/2023\/08\/ticari_yapilar3-300x199.jpg 300w, https:\/\/moduldizayn.com\/eng\/wp-content\/uploads\/sites\/2\/2023\/08\/ticari_yapilar3-768x509.jpg 768w\" sizes=\"auto, (max-width: 1000px) 100vw, 1000px\" \/><\/figure>\n\n\n\n<figure class=\"wp-block-image size-large\"><img loading=\"lazy\" decoding=\"async\" width=\"1000\" height=\"663\" data-id=\"533\" src=\"https:\/\/moduldizayn.com\/eng\/wp-content\/uploads\/sites\/2\/2023\/08\/ticari_yapilar4.jpg\" alt=\"\" class=\"wp-image-533\" srcset=\"https:\/\/moduldizayn.com\/eng\/wp-content\/uploads\/sites\/2\/2023\/08\/ticari_yapilar4.jpg 1000w, https:\/\/moduldizayn.com\/eng\/wp-content\/uploads\/sites\/2\/2023\/08\/ticari_yapilar4-300x199.jpg 300w, https:\/\/moduldizayn.com\/eng\/wp-content\/uploads\/sites\/2\/2023\/08\/ticari_yapilar4-768x509.jpg 768w\" sizes=\"auto, (max-width: 1000px) 100vw, 1000px\" \/><\/figure>\n\n\n\n<figure class=\"wp-block-image size-large\"><img loading=\"lazy\" decoding=\"async\" width=\"1000\" height=\"663\" data-id=\"534\" src=\"https:\/\/moduldizayn.com\/eng\/wp-content\/uploads\/sites\/2\/2023\/08\/ticari_yapilar5.jpg\" alt=\"\" class=\"wp-image-534\" srcset=\"https:\/\/moduldizayn.com\/eng\/wp-content\/uploads\/sites\/2\/2023\/08\/ticari_yapilar5.jpg 1000w, https:\/\/moduldizayn.com\/eng\/wp-content\/uploads\/sites\/2\/2023\/08\/ticari_yapilar5-300x199.jpg 300w, https:\/\/moduldizayn.com\/eng\/wp-content\/uploads\/sites\/2\/2023\/08\/ticari_yapilar5-768x509.jpg 768w\" sizes=\"auto, (max-width: 1000px) 100vw, 1000px\" \/><\/figure>\n\n\n\n<figure class=\"wp-block-image size-large\"><img loading=\"lazy\" decoding=\"async\" width=\"1000\" height=\"663\" data-id=\"539\" src=\"https:\/\/moduldizayn.com\/eng\/wp-content\/uploads\/sites\/2\/2023\/08\/ticari_yapilar7.jpg\" alt=\"\" class=\"wp-image-539\" srcset=\"https:\/\/moduldizayn.com\/eng\/wp-content\/uploads\/sites\/2\/2023\/08\/ticari_yapilar7.jpg 1000w, https:\/\/moduldizayn.com\/eng\/wp-content\/uploads\/sites\/2\/2023\/08\/ticari_yapilar7-300x199.jpg 300w, https:\/\/moduldizayn.com\/eng\/wp-content\/uploads\/sites\/2\/2023\/08\/ticari_yapilar7-768x509.jpg 768w\" sizes=\"auto, (max-width: 1000px) 100vw, 1000px\" \/><\/figure>\n\n\n\n<figure class=\"wp-block-image size-large\"><img loading=\"lazy\" decoding=\"async\" width=\"1000\" height=\"663\" data-id=\"535\" src=\"https:\/\/moduldizayn.com\/eng\/wp-content\/uploads\/sites\/2\/2023\/08\/ticari_yapilar6.jpg\" alt=\"\" class=\"wp-image-535\" srcset=\"https:\/\/moduldizayn.com\/eng\/wp-content\/uploads\/sites\/2\/2023\/08\/ticari_yapilar6.jpg 1000w, https:\/\/moduldizayn.com\/eng\/wp-content\/uploads\/sites\/2\/2023\/08\/ticari_yapilar6-300x199.jpg 300w, https:\/\/moduldizayn.com\/eng\/wp-content\/uploads\/sites\/2\/2023\/08\/ticari_yapilar6-768x509.jpg 768w\" sizes=\"auto, (max-width: 1000px) 100vw, 1000px\" \/><\/figure>\n<\/figure>\n\n\n<div class=\"wp-block-image\">\n<figure class=\"aligncenter size-full\"><img loading=\"lazy\" decoding=\"async\" width=\"555\" height=\"31\" src=\"https:\/\/moduldizayn.com\/eng\/wp-content\/uploads\/sites\/2\/2023\/08\/image.png\" alt=\"Bu g\u00f6rsel bo\u015f bir alt niteli\u011fe sahip; dosya ad\u0131 cizgi2b.png\" class=\"wp-image-1028\" srcset=\"https:\/\/moduldizayn.com\/eng\/wp-content\/uploads\/sites\/2\/2023\/08\/image.png 555w, https:\/\/moduldizayn.com\/eng\/wp-content\/uploads\/sites\/2\/2023\/08\/image-300x17.png 300w\" sizes=\"auto, (max-width: 555px) 100vw, 555px\" \/><\/figure>\n<\/div>\n\n\n<p class=\"has-text-align-center\"><strong><a rel=\"noreferrer noopener\" href=\"https:\/\/moduldizayn.com\/eng\/wp-content\/uploads\/sites\/2\/2023\/08\/ticari_yapilar.pdf\" target=\"_blank\"><mark class=\"has-inline-color has-luminous-vivid-orange-color\">Ticari Yap\u0131lar PDF Dosya indir &gt;&gt;<\/mark><\/a><\/strong><\/p>\n\n\n\n<figure class=\"wp-block-gallery has-nested-images columns-default is-cropped wp-block-gallery-2 is-layout-flex wp-block-gallery-is-layout-flex\">\n<figure class=\"wp-block-image size-large\"><a href=\"https:\/\/moduldizayn.com\/eng\/wp-content\/uploads\/sites\/2\/2023\/08\/ticari_yapilar_1.jpg\"><img loading=\"lazy\" decoding=\"async\" width=\"1000\" height=\"750\" data-id=\"1029\" src=\"https:\/\/moduldizayn.com\/eng\/wp-content\/uploads\/sites\/2\/2023\/08\/ticari_yapilar_1.jpg\" alt=\"\" class=\"wp-image-1029\" srcset=\"https:\/\/moduldizayn.com\/eng\/wp-content\/uploads\/sites\/2\/2023\/08\/ticari_yapilar_1.jpg 1000w, https:\/\/moduldizayn.com\/eng\/wp-content\/uploads\/sites\/2\/2023\/08\/ticari_yapilar_1-300x225.jpg 300w, https:\/\/moduldizayn.com\/eng\/wp-content\/uploads\/sites\/2\/2023\/08\/ticari_yapilar_1-768x576.jpg 768w\" sizes=\"auto, (max-width: 1000px) 100vw, 1000px\" \/><\/a><\/figure>\n\n\n\n<figure class=\"wp-block-image size-large\"><a href=\"https:\/\/moduldizayn.com\/eng\/wp-content\/uploads\/sites\/2\/2023\/08\/ticari_yapilar_2.jpg\"><img loading=\"lazy\" decoding=\"async\" width=\"1000\" height=\"750\" data-id=\"1030\" src=\"https:\/\/moduldizayn.com\/eng\/wp-content\/uploads\/sites\/2\/2023\/08\/ticari_yapilar_2.jpg\" alt=\"\" class=\"wp-image-1030\" srcset=\"https:\/\/moduldizayn.com\/eng\/wp-content\/uploads\/sites\/2\/2023\/08\/ticari_yapilar_2.jpg 1000w, https:\/\/moduldizayn.com\/eng\/wp-content\/uploads\/sites\/2\/2023\/08\/ticari_yapilar_2-300x225.jpg 300w, https:\/\/moduldizayn.com\/eng\/wp-content\/uploads\/sites\/2\/2023\/08\/ticari_yapilar_2-768x576.jpg 768w\" sizes=\"auto, (max-width: 1000px) 100vw, 1000px\" \/><\/a><\/figure>\n\n\n\n<figure class=\"wp-block-image size-large\"><a href=\"https:\/\/moduldizayn.com\/eng\/wp-content\/uploads\/sites\/2\/2023\/08\/ticari_yapilar_3.jpg\"><img loading=\"lazy\" decoding=\"async\" width=\"1000\" height=\"750\" data-id=\"1031\" src=\"https:\/\/moduldizayn.com\/eng\/wp-content\/uploads\/sites\/2\/2023\/08\/ticari_yapilar_3.jpg\" alt=\"\" class=\"wp-image-1031\" srcset=\"https:\/\/moduldizayn.com\/eng\/wp-content\/uploads\/sites\/2\/2023\/08\/ticari_yapilar_3.jpg 1000w, https:\/\/moduldizayn.com\/eng\/wp-content\/uploads\/sites\/2\/2023\/08\/ticari_yapilar_3-300x225.jpg 300w, https:\/\/moduldizayn.com\/eng\/wp-content\/uploads\/sites\/2\/2023\/08\/ticari_yapilar_3-768x576.jpg 768w\" sizes=\"auto, (max-width: 1000px) 100vw, 1000px\" \/><\/a><\/figure>\n\n\n\n<figure class=\"wp-block-image size-large\"><a href=\"https:\/\/moduldizayn.com\/eng\/wp-content\/uploads\/sites\/2\/2023\/08\/ticari_yapilar_4.jpg\"><img loading=\"lazy\" decoding=\"async\" width=\"1000\" height=\"750\" data-id=\"1032\" src=\"https:\/\/moduldizayn.com\/eng\/wp-content\/uploads\/sites\/2\/2023\/08\/ticari_yapilar_4.jpg\" alt=\"\" class=\"wp-image-1032\" srcset=\"https:\/\/moduldizayn.com\/eng\/wp-content\/uploads\/sites\/2\/2023\/08\/ticari_yapilar_4.jpg 1000w, https:\/\/moduldizayn.com\/eng\/wp-content\/uploads\/sites\/2\/2023\/08\/ticari_yapilar_4-300x225.jpg 300w, https:\/\/moduldizayn.com\/eng\/wp-content\/uploads\/sites\/2\/2023\/08\/ticari_yapilar_4-768x576.jpg 768w\" sizes=\"auto, (max-width: 1000px) 100vw, 1000px\" \/><\/a><\/figure>\n\n\n\n<figure class=\"wp-block-image size-large\"><a href=\"https:\/\/moduldizayn.com\/eng\/wp-content\/uploads\/sites\/2\/2023\/08\/ticari_yapilar_5.jpg\"><img loading=\"lazy\" decoding=\"async\" width=\"1000\" height=\"750\" data-id=\"1033\" src=\"https:\/\/moduldizayn.com\/eng\/wp-content\/uploads\/sites\/2\/2023\/08\/ticari_yapilar_5.jpg\" alt=\"\" class=\"wp-image-1033\" srcset=\"https:\/\/moduldizayn.com\/eng\/wp-content\/uploads\/sites\/2\/2023\/08\/ticari_yapilar_5.jpg 1000w, https:\/\/moduldizayn.com\/eng\/wp-content\/uploads\/sites\/2\/2023\/08\/ticari_yapilar_5-300x225.jpg 300w, https:\/\/moduldizayn.com\/eng\/wp-content\/uploads\/sites\/2\/2023\/08\/ticari_yapilar_5-768x576.jpg 768w\" sizes=\"auto, (max-width: 1000px) 100vw, 1000px\" \/><\/a><\/figure>\n\n\n\n<figure class=\"wp-block-image size-large\"><a href=\"https:\/\/moduldizayn.com\/eng\/wp-content\/uploads\/sites\/2\/2023\/08\/ticari_yapilar_6.jpg\"><img loading=\"lazy\" decoding=\"async\" width=\"1000\" height=\"750\" data-id=\"1034\" src=\"https:\/\/moduldizayn.com\/eng\/wp-content\/uploads\/sites\/2\/2023\/08\/ticari_yapilar_6.jpg\" alt=\"\" class=\"wp-image-1034\" srcset=\"https:\/\/moduldizayn.com\/eng\/wp-content\/uploads\/sites\/2\/2023\/08\/ticari_yapilar_6.jpg 1000w, https:\/\/moduldizayn.com\/eng\/wp-content\/uploads\/sites\/2\/2023\/08\/ticari_yapilar_6-300x225.jpg 300w, https:\/\/moduldizayn.com\/eng\/wp-content\/uploads\/sites\/2\/2023\/08\/ticari_yapilar_6-768x576.jpg 768w\" sizes=\"auto, (max-width: 1000px) 100vw, 1000px\" \/><\/a><\/figure>\n\n\n\n<figure class=\"wp-block-image size-large\"><a href=\"https:\/\/moduldizayn.com\/eng\/wp-content\/uploads\/sites\/2\/2023\/08\/ticari_yapilar_7.jpg\"><img loading=\"lazy\" decoding=\"async\" width=\"1000\" height=\"750\" data-id=\"1036\" src=\"https:\/\/moduldizayn.com\/eng\/wp-content\/uploads\/sites\/2\/2023\/08\/ticari_yapilar_7.jpg\" alt=\"\" class=\"wp-image-1036\" srcset=\"https:\/\/moduldizayn.com\/eng\/wp-content\/uploads\/sites\/2\/2023\/08\/ticari_yapilar_7.jpg 1000w, https:\/\/moduldizayn.com\/eng\/wp-content\/uploads\/sites\/2\/2023\/08\/ticari_yapilar_7-300x225.jpg 300w, https:\/\/moduldizayn.com\/eng\/wp-content\/uploads\/sites\/2\/2023\/08\/ticari_yapilar_7-768x576.jpg 768w\" sizes=\"auto, (max-width: 1000px) 100vw, 1000px\" \/><\/a><\/figure>\n\n\n\n<figure class=\"wp-block-image size-large\"><a href=\"https:\/\/moduldizayn.com\/eng\/wp-content\/uploads\/sites\/2\/2023\/08\/ticari_yapilar_8.jpg\"><img loading=\"lazy\" decoding=\"async\" width=\"1000\" height=\"750\" data-id=\"1035\" src=\"https:\/\/moduldizayn.com\/eng\/wp-content\/uploads\/sites\/2\/2023\/08\/ticari_yapilar_8.jpg\" alt=\"\" class=\"wp-image-1035\" srcset=\"https:\/\/moduldizayn.com\/eng\/wp-content\/uploads\/sites\/2\/2023\/08\/ticari_yapilar_8.jpg 1000w, https:\/\/moduldizayn.com\/eng\/wp-content\/uploads\/sites\/2\/2023\/08\/ticari_yapilar_8-300x225.jpg 300w, https:\/\/moduldizayn.com\/eng\/wp-content\/uploads\/sites\/2\/2023\/08\/ticari_yapilar_8-768x576.jpg 768w\" sizes=\"auto, (max-width: 1000px) 100vw, 1000px\" \/><\/a><\/figure>\n\n\n\n<figure class=\"wp-block-image size-large\"><a href=\"https:\/\/moduldizayn.com\/eng\/wp-content\/uploads\/sites\/2\/2023\/08\/ticari_yapilar_9.jpg\"><img loading=\"lazy\" decoding=\"async\" width=\"1000\" height=\"750\" data-id=\"1037\" src=\"https:\/\/moduldizayn.com\/eng\/wp-content\/uploads\/sites\/2\/2023\/08\/ticari_yapilar_9.jpg\" alt=\"\" class=\"wp-image-1037\" srcset=\"https:\/\/moduldizayn.com\/eng\/wp-content\/uploads\/sites\/2\/2023\/08\/ticari_yapilar_9.jpg 1000w, https:\/\/moduldizayn.com\/eng\/wp-content\/uploads\/sites\/2\/2023\/08\/ticari_yapilar_9-300x225.jpg 300w, https:\/\/moduldizayn.com\/eng\/wp-content\/uploads\/sites\/2\/2023\/08\/ticari_yapilar_9-768x576.jpg 768w\" sizes=\"auto, (max-width: 1000px) 100vw, 1000px\" \/><\/a><\/figure>\n\n\n\n<figure class=\"wp-block-image size-large\"><a href=\"https:\/\/moduldizayn.com\/eng\/wp-content\/uploads\/sites\/2\/2023\/08\/ticari_yapilar-2.jpg\"><img loading=\"lazy\" decoding=\"async\" width=\"1024\" height=\"682\" data-id=\"1038\" src=\"https:\/\/moduldizayn.com\/eng\/wp-content\/uploads\/sites\/2\/2023\/08\/ticari_yapilar-2-1024x682.jpg\" alt=\"\" class=\"wp-image-1038\" srcset=\"https:\/\/moduldizayn.com\/eng\/wp-content\/uploads\/sites\/2\/2023\/08\/ticari_yapilar-2-1024x682.jpg 1024w, https:\/\/moduldizayn.com\/eng\/wp-content\/uploads\/sites\/2\/2023\/08\/ticari_yapilar-2-300x200.jpg 300w, https:\/\/moduldizayn.com\/eng\/wp-content\/uploads\/sites\/2\/2023\/08\/ticari_yapilar-2-768x512.jpg 768w, https:\/\/moduldizayn.com\/eng\/wp-content\/uploads\/sites\/2\/2023\/08\/ticari_yapilar-2.jpg 1280w\" sizes=\"auto, (max-width: 1024px) 100vw, 1024px\" \/><\/a><\/figure>\n<\/figure>\n","protected":false},"excerpt":{"rendered":"<p>Ticari Yap\u0131lar PDF Dosya indir &gt;&gt;<\/p>\n","protected":false},"author":1,"featured_media":0,"parent":0,"menu_order":0,"comment_status":"closed","ping_status":"closed","template":"","meta":{"footnotes":""},"class_list":["post-131","page","type-page","status-publish","hentry"],"_links":{"self":[{"href":"https:\/\/moduldizayn.com\/eng\/wp-json\/wp\/v2\/pages\/131","targetHints":{"allow":["GET"]}}],"collection":[{"href":"https:\/\/moduldizayn.com\/eng\/wp-json\/wp\/v2\/pages"}],"about":[{"href":"https:\/\/moduldizayn.com\/eng\/wp-json\/wp\/v2\/types\/page"}],"author":[{"embeddable":true,"href":"https:\/\/moduldizayn.com\/eng\/wp-json\/wp\/v2\/users\/1"}],"replies":[{"embeddable":true,"href":"https:\/\/moduldizayn.com\/eng\/wp-json\/wp\/v2\/comments?post=131"}],"version-history":[{"count":2,"href":"https:\/\/moduldizayn.com\/eng\/wp-json\/wp\/v2\/pages\/131\/revisions"}],"predecessor-version":[{"id":1268,"href":"https:\/\/moduldizayn.com\/eng\/wp-json\/wp\/v2\/pages\/131\/revisions\/1268"}],"wp:attachment":[{"href":"https:\/\/moduldizayn.com\/eng\/wp-json\/wp\/v2\/media?parent=131"}],"curies":[{"name":"wp","href":"https:\/\/api.w.org\/{rel}","templated":true}]}}